[INFO] fetching crate wmathrs 0.1.0...
[INFO] checking wmathrs-0.1.0 against master#e6e4f7ed1589e03bc2f6c5931c1a72e7947e8682 for beta-170-4
[INFO] extracting crate wmathrs 0.1.0 into /workspace/builds/worker-3-tc2/source
[INFO] validating manifest of crates.io crate wmathrs 0.1.0 on toolchain e6e4f7ed1589e03bc2f6c5931c1a72e7947e8682
[INFO] running `Command { std: CARGO_HOME="/workspace/cargo-home" RUSTUP_HOME="/workspace/rustup-home" "/workspace/cargo-home/bin/cargo" "+e6e4f7ed1589e03bc2f6c5931c1a72e7947e8682" "metadata" "--manifest-path" "Cargo.toml" "--no-deps", kill_on_drop: false }`
[INFO] started tweaking crates.io crate wmathrs 0.1.0
[INFO] finished tweaking crates.io crate wmathrs 0.1.0
[INFO] tweaked toml for crates.io crate wmathrs 0.1.0 written to /workspace/builds/worker-3-tc2/source/Cargo.toml
[INFO] crate crates.io crate wmathrs 0.1.0 already has a lockfile, it will not be regenerated
[INFO] running `Command { std: CARGO_HOME="/workspace/cargo-home" RUSTUP_HOME="/workspace/rustup-home" "/workspace/cargo-home/bin/cargo" "+e6e4f7ed1589e03bc2f6c5931c1a72e7947e8682" "fetch" "--manifest-path" "Cargo.toml", kill_on_drop: false }`
[INFO] running `Command { std: "docker" "create" "-v" "/var/lib/crater-agent-workspace/builds/worker-3-tc2/target:/opt/rustwide/target:rw,Z" "-v" "/var/lib/crater-agent-workspace/builds/worker-3-tc2/source:/opt/rustwide/workdir:ro,Z" "-v" "/var/lib/crater-agent-workspace/cargo-home:/opt/rustwide/cargo-home:ro,Z" "-v" "/var/lib/crater-agent-workspace/rustup-home:/opt/rustwide/rustup-home:ro,Z" "-e" "SOURCE_DIR=/opt/rustwide/workdir" "-e" "CARGO_TARGET_DIR=/opt/rustwide/target" "-e" "CARGO_HOME=/opt/rustwide/cargo-home" "-e" "RUSTUP_HOME=/opt/rustwide/rustup-home" "-w" "/opt/rustwide/workdir" "-m" "1610612736" "--user" "0:0" "--network" "none" "ghcr.io/rust-lang/crates-build-env/linux@sha256:19e73879b68f455e41552ea35293514db52ea292d993f571636dbffedb77a1ee" "/opt/rustwide/cargo-home/bin/cargo" "+e6e4f7ed1589e03bc2f6c5931c1a72e7947e8682" "metadata" "--no-deps" "--format-version=1", kill_on_drop: false }`
[INFO] [stdout] 5c7c2da9229b54a593cc3f753e5414fa92ea6fb2738453db6ba1ae1f31da908b
[INFO] running `Command { std: "docker" "start" "-a" "5c7c2da9229b54a593cc3f753e5414fa92ea6fb2738453db6ba1ae1f31da908b", kill_on_drop: false }`
[INFO] running `Command { std: "docker" "inspect" "5c7c2da9229b54a593cc3f753e5414fa92ea6fb2738453db6ba1ae1f31da908b", kill_on_drop: false }`
[INFO] running `Command { std: "docker" "rm" "-f" "5c7c2da9229b54a593cc3f753e5414fa92ea6fb2738453db6ba1ae1f31da908b", kill_on_drop: false }`
[INFO] [stdout] 5c7c2da9229b54a593cc3f753e5414fa92ea6fb2738453db6ba1ae1f31da908b
[INFO] running `Command { std: "docker" "create" "-v" "/var/lib/crater-agent-workspace/builds/worker-3-tc2/target:/opt/rustwide/target:rw,Z" "-v" "/var/lib/crater-agent-workspace/builds/worker-3-tc2/source:/opt/rustwide/workdir:ro,Z" "-v" "/var/lib/crater-agent-workspace/cargo-home:/opt/rustwide/cargo-home:ro,Z" "-v" "/var/lib/crater-agent-workspace/rustup-home:/opt/rustwide/rustup-home:ro,Z" "-e" "SOURCE_DIR=/opt/rustwide/workdir" "-e" "CARGO_TARGET_DIR=/opt/rustwide/target" "-e" "CARGO_INCREMENTAL=0" "-e" "RUST_BACKTRACE=full" "-e" "RUSTFLAGS=--cap-lints=forbid" "-e" "RUSTDOCFLAGS=--cap-lints=forbid" "-e" "CARGO_HOME=/opt/rustwide/cargo-home" "-e" "RUSTUP_HOME=/opt/rustwide/rustup-home" "-w" "/opt/rustwide/workdir" "-m" "1610612736" "--user" "0:0" "--network" "none" "ghcr.io/rust-lang/crates-build-env/linux@sha256:19e73879b68f455e41552ea35293514db52ea292d993f571636dbffedb77a1ee" "/opt/rustwide/cargo-home/bin/cargo" "+e6e4f7ed1589e03bc2f6c5931c1a72e7947e8682" "check" "--frozen" "--all" "--all-targets" "--message-format=json", kill_on_drop: false }`
[INFO] [stdout] 9438cb5744f3259c4b72e4286687b700ee5c9a08f423e8bbccee9b056b41be5a
[INFO] running `Command { std: "docker" "start" "-a" "9438cb5744f3259c4b72e4286687b700ee5c9a08f423e8bbccee9b056b41be5a", kill_on_drop: false }`
[INFO] [stderr]    Compiling libc v0.2.132
[INFO] [stderr]     Checking ppv-lite86 v0.2.16
[INFO] [stderr]     Checking wmathrs v0.1.0 (/opt/rustwide/workdir)
[INFO] [stderr]     Checking getrandom v0.2.7
[INFO] [stderr]     Checking rand_core v0.6.3
[INFO] [stderr]     Checking rand_chacha v0.3.1
[INFO] [stderr]     Checking rand v0.8.5
[INFO] [stdout] error[E0432]: unresolved import `wmath`
[INFO] [stdout]  --> examples/test_fraction.rs:5:5
[INFO] [stdout]   |
[INFO] [stdout] 5 | use wmath::*; 
[INFO] [stdout]   |     ^^^^^ use of undeclared crate or module `wmath`
[INFO] [stdout] 
[INFO] [stdout] 
[INFO] [stdout] error[E0432]: unresolved import `wmath`
[INFO] [stdout]  --> examples/test_complex.rs:5:5
[INFO] [stdout]   |
[INFO] [stdout] 5 | use wmath::*; 
[INFO] [stdout]   |     ^^^^^ use of undeclared crate or module `wmath`
[INFO] [stdout] 
[INFO] [stdout] 
[INFO] [stdout] error: aborting due to previous error
[INFO] [stdout] 
[INFO] [stdout] 
[INFO] [stdout] error: aborting due to previous error
[INFO] [stdout] 
[INFO] [stdout] 
[INFO] [stdout] For more information about this error, try `rustc --explain E0432`.
[INFO] [stdout] 
[INFO] [stdout] For more information about this error, try `rustc --explain E0432`.
[INFO] [stdout] 
[INFO] [stdout] error[E0432]: unresolved import `wmath`
[INFO] [stdout]  --> examples/test_tensor3.rs:5:5
[INFO] [stdout]   |
[INFO] [stdout] 5 | use wmath::*; 
[INFO] [stdout]   |     ^^^^^ use of undeclared crate or module `wmath`
[INFO] [stdout] 
[INFO] [stdout] 
[INFO] [stdout] error[E0432]: unresolved import `wmath`
[INFO] [stdout]  --> examples/test_matrix.rs:5:5
[INFO] [stdout]   |
[INFO] [stdout] 5 | use wmath::*; 
[INFO] [stdout]   |     ^^^^^ use of undeclared crate or module `wmath`
[INFO] [stdout] 
[INFO] [stdout] 
[INFO] [stderr] error: could not compile `wmathrs` (example "test_complex") due to 2 previous errors
[INFO] [stderr] warning: build failed, waiting for other jobs to finish...
[INFO] [stdout] error[E0432]: unresolved import `wmath`
[INFO] [stdout]  --> examples/test_number_theory.rs:4:5
[INFO] [stdout]   |
[INFO] [stdout] 4 | use wmath::*; 
[INFO] [stdout]   |     ^^^^^ use of undeclared crate or module `wmath`
[INFO] [stdout] 
[INFO] [stdout] 
[INFO] [stderr] error: could not compile `wmathrs` (example "test_fraction") due to 2 previous errors
[INFO] [stdout] error: aborting due to previous error
[INFO] [stdout] 
[INFO] [stdout] 
[INFO] [stdout] For more information about this error, try `rustc --explain E0432`.
[INFO] [stdout] 
[INFO] [stderr] error: could not compile `wmathrs` (example "test_number_theory") due to 2 previous errors
[INFO] [stdout] error: cannot find macro `mat` in this scope
[INFO] [stdout]   --> examples/test_matrix.rs:11:5
[INFO] [stdout]    |
[INFO] [stdout] 11 |     mat!(&vec, row, col)
[INFO] [stdout]    |     ^^^
[INFO] [stdout]    |
[INFO] [stdout]    = help: consider importing this macro:
[INFO] [stdout]            wmathrs::mat
[INFO] [stdout] 
[INFO] [stdout] 
[INFO] [stdout] error: cannot find macro `frac` in this scope
[INFO] [stdout]   --> examples/test_tensor3.rs:27:33
[INFO] [stdout]    |
[INFO] [stdout] 27 |     for _ in 0..size { vec.push(frac!((rng.gen::<f64>() * 10.0 - 5.0) as i128, (rng.gen::<f64>() * 8.0 + 1.0) as i128)); }
[INFO] [stdout]    |                                 ^^^^
[INFO] [stdout]    |
[INFO] [stdout]    = help: consider importing this macro:
[INFO] [stdout]            wmathrs::frac
[INFO] [stdout] 
[INFO] [stdout] 
[INFO] [stdout] error: cannot find macro `cplx` in this scope
[INFO] [stdout]   --> examples/test_matrix.rs:17:40
[INFO] [stdout]    |
[INFO] [stdout] 17 |     for _ in 0..(row * col) { vec.push(cplx!(rng.gen::<f64>() * 10.0 - 5.0, rng.gen::<f64>() * 10.0 - 5.0)); }
[INFO] [stdout]    |                                        ^^^^
[INFO] [stdout]    |
[INFO] [stdout]    = help: consider importing this macro:
[INFO] [stdout]            wmathrs::cplx
[INFO] [stdout] 
[INFO] [stdout] 
[INFO] [stdout] error: cannot find macro `mat` in this scope
[INFO] [stdout]   --> examples/test_matrix.rs:18:5
[INFO] [stdout]    |
[INFO] [stdout] 18 |     mat!(&vec, row, col)
[INFO] [stdout]    |     ^^^
[INFO] [stdout]    |
[INFO] [stdout]    = help: consider importing this macro:
[INFO] [stdout]            wmathrs::mat
[INFO] [stdout] 
[INFO] [stdout] 
[INFO] [stdout] error[E0432]: unresolved import `wmath`
[INFO] [stdout]  --> examples/test_polynomial.rs:5:5
[INFO] [stdout]   |
[INFO] [stdout] 5 | use wmath::*; 
[INFO] [stdout]   |     ^^^^^ use of undeclared crate or module `wmath`
[INFO] [stdout] 
[INFO] [stdout] 
[INFO] [stdout] error: cannot find macro `frac` in this scope
[INFO] [stdout]   --> examples/test_matrix.rs:24:40
[INFO] [stdout]    |
[INFO] [stdout] 24 |     for _ in 0..(row * col) { vec.push(frac!((rng.gen::<f64>() * 5.0 - 2.5) as i128, (rng.gen::<f64>() * 4.0 + 1.0) as i128)); }
[INFO] [stdout]    |                                        ^^^^
[INFO] [stdout]    |
[INFO] [stdout]    = help: consider importing this macro:
[INFO] [stdout]            wmathrs::frac
[INFO] [stdout] 
[INFO] [stdout] 
[INFO] [stdout] error: cannot find macro `mat` in this scope
[INFO] [stdout]   --> examples/test_matrix.rs:25:5
[INFO] [stdout]    |
[INFO] [stdout] 25 |     mat!(&vec, row, col)
[INFO] [stdout]    |     ^^^
[INFO] [stdout]    |
[INFO] [stdout]    = help: consider importing this macro:
[INFO] [stdout]            wmathrs::mat
[INFO] [stdout] 
[INFO] [stdout] 
[INFO] [stdout] error: aborting due to previous error
[INFO] [stdout] 
[INFO] [stdout] 
[INFO] [stdout] For more information about this error, try `rustc --explain E0432`.
[INFO] [stdout] 
[INFO] [stdout] error: cannot find macro `cplx` in this scope
[INFO] [stdout]   --> examples/test_tensor3.rs:35:33
[INFO] [stdout]    |
[INFO] [stdout] 35 |     for _ in 0..size { vec.push(cplx!(rng.gen::<f64>() * 10.0 - 5.0, rng.gen::<f64>() * 10.0 - 5.0)); }
[INFO] [stdout]    |                                 ^^^^
[INFO] [stdout]    |
[INFO] [stdout]    = help: consider importing this macro:
[INFO] [stdout]            wmathrs::cplx
[INFO] [stdout] 
[INFO] [stdout] 
[INFO] [stderr] error: could not compile `wmathrs` (example "test_polynomial") due to 2 previous errors
[INFO] [stdout] error[E0412]: cannot find type `Matrix` in this scope
[INFO] [stdout]  --> examples/test_matrix.rs:7:47
[INFO] [stdout]   |
[INFO] [stdout] 7 | fn rand_f64_matrix(row: usize, col: usize) -> Matrix<f64> {
[INFO] [stdout]   |                                               ^^^^^^ not found in this scope
[INFO] [stdout]   |
[INFO] [stdout] help: consider importing this struct
[INFO] [stdout]   |
[INFO] [stdout] 4 + use wmathrs::Matrix;
[INFO] [stdout]   |
[INFO] [stdout] 
[INFO] [stdout] 
[INFO] [stdout] error[E0412]: cannot find type `Matrix` in this scope
[INFO] [stdout]   --> examples/test_matrix.rs:14:48
[INFO] [stdout]    |
[INFO] [stdout] 14 | fn rand_cplx_matrix(row: usize, col: usize) -> Matrix<Complex> {
[INFO] [stdout]    |                                                ^^^^^^ not found in this scope
[INFO] [stdout]    |
[INFO] [stdout] help: consider importing this struct
[INFO] [stdout]    |
[INFO] [stdout] 4  + use wmathrs::Matrix;
[INFO] [stdout]    |
[INFO] [stdout] 
[INFO] [stdout] 
[INFO] [stdout] error[E0412]: cannot find type `Complex` in this scope
[INFO] [stdout]   --> examples/test_matrix.rs:14:55
[INFO] [stdout]    |
[INFO] [stdout] 14 | fn rand_cplx_matrix(row: usize, col: usize) -> Matrix<Complex> {
[INFO] [stdout]    |                                                       ^^^^^^^ not found in this scope
[INFO] [stdout]    |
[INFO] [stdout] help: consider importing this struct
[INFO] [stdout]    |
[INFO] [stdout] 4  + use wmathrs::Complex;
[INFO] [stdout]    |
[INFO] [stdout] 
[INFO] [stdout] 
[INFO] [stdout] error[E0412]: cannot find type `Complex` in this scope
[INFO] [stdout]   --> examples/test_matrix.rs:16:22
[INFO] [stdout]    |
[INFO] [stdout] 16 |     let mut vec: Vec<Complex> = Vec::with_capacity(row * col); 
[INFO] [stdout]    |                      ^^^^^^^ not found in this scope
[INFO] [stdout]    |
[INFO] [stdout] help: consider importing this struct
[INFO] [stdout]    |
[INFO] [stdout] 4  + use wmathrs::Complex;
[INFO] [stdout]    |
[INFO] [stdout] 
[INFO] [stdout] 
[INFO] [stdout] error[E0412]: cannot find type `Matrix` in this scope
[INFO] [stdout]   --> examples/test_matrix.rs:21:48
[INFO] [stdout]    |
[INFO] [stdout] 21 | fn rand_frac_matrix(row: usize, col: usize) -> Matrix<Fraction> {
[INFO] [stdout]    |                                                ^^^^^^ not found in this scope
[INFO] [stdout]    |
[INFO] [stdout] help: consider importing this struct
[INFO] [stdout]    |
[INFO] [stdout] 4  + use wmathrs::Matrix;
[INFO] [stdout]    |
[INFO] [stdout] 
[INFO] [stdout] 
[INFO] [stdout] error[E0412]: cannot find type `Fraction` in this scope
[INFO] [stdout]   --> examples/test_matrix.rs:21:55
[INFO] [stdout]    |
[INFO] [stdout] 21 | fn rand_frac_matrix(row: usize, col: usize) -> Matrix<Fraction> {
[INFO] [stdout]    |                                                       ^^^^^^^^ not found in this scope
[INFO] [stdout]    |
[INFO] [stdout] help: consider importing this struct
[INFO] [stdout]    |
[INFO] [stdout] 4  + use wmathrs::Fraction;
[INFO] [stdout]    |
[INFO] [stdout] 
[INFO] [stdout] 
[INFO] [stdout] error[E0412]: cannot find type `Fraction` in this scope
[INFO] [stdout]   --> examples/test_matrix.rs:23:22
[INFO] [stdout]    |
[INFO] [stdout] 23 |     let mut vec: Vec<Fraction> = Vec::with_capacity(row * col); 
[INFO] [stdout]    |                      ^^^^^^^^ not found in this scope
[INFO] [stdout]    |
[INFO] [stdout] help: consider importing this struct
[INFO] [stdout]    |
[INFO] [stdout] 4  + use wmathrs::Fraction;
[INFO] [stdout]    |
[INFO] [stdout] 
[INFO] [stdout] 
[INFO] [stdout] error[E0412]: cannot find type `Tensor3` in this scope
[INFO] [stdout]  --> examples/test_tensor3.rs:7:34
[INFO] [stdout]   |
[INFO] [stdout] 7 | fn rand_i32_tensor3(dim: u32) -> Tensor3<i32> {
[INFO] [stdout]   |                                  ^^^^^^^ not found in this scope
[INFO] [stdout]   |
[INFO] [stdout] help: consider importing this struct
[INFO] [stdout]   |
[INFO] [stdout] 4 + use wmathrs::Tensor3;
[INFO] [stdout]   |
[INFO] [stdout] 
[INFO] [stdout] 
[INFO] [stdout] error[E0433]: failed to resolve: use of undeclared type `Tensor3`
[INFO] [stdout]   --> examples/test_tensor3.rs:12:5
[INFO] [stdout]    |
[INFO] [stdout] 12 |     Tensor3::new(vec)
[INFO] [stdout]    |     ^^^^^^^ use of undeclared type `Tensor3`
[INFO] [stdout]    |
[INFO] [stdout] help: consider importing this struct
[INFO] [stdout]    |
[INFO] [stdout] 4  + use wmathrs::Tensor3;
[INFO] [stdout]    |
[INFO] [stdout] 
[INFO] [stdout] 
[INFO] [stdout] error[E0412]: cannot find type `Tensor3` in this scope
[INFO] [stdout]   --> examples/test_tensor3.rs:15:34
[INFO] [stdout]    |
[INFO] [stdout] 15 | fn rand_f64_tensor3(dim: u32) -> Tensor3<f64> {
[INFO] [stdout]    |                                  ^^^^^^^ not found in this scope
[INFO] [stdout]    |
[INFO] [stdout] help: consider importing this struct
[INFO] [stdout]    |
[INFO] [stdout] 4  + use wmathrs::Tensor3;
[INFO] [stdout]    |
[INFO] [stdout] 
[INFO] [stdout] 
[INFO] [stdout] error[E0433]: failed to resolve: use of undeclared type `Tensor3`
[INFO] [stdout]   --> examples/test_tensor3.rs:20:5
[INFO] [stdout]    |
[INFO] [stdout] 20 |     Tensor3::new(vec)
[INFO] [stdout]    |     ^^^^^^^ use of undeclared type `Tensor3`
[INFO] [stdout]    |
[INFO] [stdout] help: consider importing this struct
[INFO] [stdout]    |
[INFO] [stdout] 4  + use wmathrs::Tensor3;
[INFO] [stdout]    |
[INFO] [stdout] 
[INFO] [stdout] 
[INFO] [stdout] error[E0412]: cannot find type `Tensor3` in this scope
[INFO] [stdout]   --> examples/test_tensor3.rs:23:35
[INFO] [stdout]    |
[INFO] [stdout] 23 | fn rand_frac_tensor3(dim: u32) -> Tensor3<Fraction> {
[INFO] [stdout]    |                                   ^^^^^^^ not found in this scope
[INFO] [stdout]    |
[INFO] [stdout] help: consider importing this struct
[INFO] [stdout]    |
[INFO] [stdout] 4  + use wmathrs::Tensor3;
[INFO] [stdout]    |
[INFO] [stdout] 
[INFO] [stdout] 
[INFO] [stdout] error[E0412]: cannot find type `Fraction` in this scope
[INFO] [stdout]   --> examples/test_tensor3.rs:23:43
[INFO] [stdout]    |
[INFO] [stdout] 23 | fn rand_frac_tensor3(dim: u32) -> Tensor3<Fraction> {
[INFO] [stdout]    |                                           ^^^^^^^^ not found in this scope
[INFO] [stdout]    |
[INFO] [stdout] help: consider importing this struct
[INFO] [stdout]    |
[INFO] [stdout] 4  + use wmathrs::Fraction;
[INFO] [stdout]    |
[INFO] [stdout] 
[INFO] [stdout] 
[INFO] [stdout] error[E0412]: cannot find type `Fraction` in this scope
[INFO] [stdout]   --> examples/test_tensor3.rs:26:25
[INFO] [stdout]    |
[INFO] [stdout] 26 |     let mut vec = Vec::<Fraction>::with_capacity(size); 
[INFO] [stdout]    |                         ^^^^^^^^ not found in this scope
[INFO] [stdout]    |
[INFO] [stdout] help: consider importing this struct
[INFO] [stdout]    |
[INFO] [stdout] 4  + use wmathrs::Fraction;
[INFO] [stdout]    |
[INFO] [stdout] 
[INFO] [stdout] 
[INFO] [stdout] error[E0433]: failed to resolve: use of undeclared type `Tensor3`
[INFO] [stdout]   --> examples/test_tensor3.rs:28:5
[INFO] [stdout]    |
[INFO] [stdout] 28 |     Tensor3::new(vec)
[INFO] [stdout]    |     ^^^^^^^ use of undeclared type `Tensor3`
[INFO] [stdout]    |
[INFO] [stdout] help: consider importing this struct
[INFO] [stdout]    |
[INFO] [stdout] 4  + use wmathrs::Tensor3;
[INFO] [stdout]    |
[INFO] [stdout] 
[INFO] [stdout] 
[INFO] [stdout] error[E0412]: cannot find type `Tensor3` in this scope
[INFO] [stdout]   --> examples/test_tensor3.rs:31:35
[INFO] [stdout]    |
[INFO] [stdout] 31 | fn rand_cplx_tensor3(dim: u32) -> Tensor3<Complex> {
[INFO] [stdout]    |                                   ^^^^^^^ not found in this scope
[INFO] [stdout]    |
[INFO] [stdout] help: consider importing this struct
[INFO] [stdout]    |
[INFO] [stdout] 4  + use wmathrs::Tensor3;
[INFO] [stdout]    |
[INFO] [stdout] 
[INFO] [stdout] 
[INFO] [stdout] error[E0412]: cannot find type `Complex` in this scope
[INFO] [stdout]   --> examples/test_tensor3.rs:31:43
[INFO] [stdout]    |
[INFO] [stdout] 31 | fn rand_cplx_tensor3(dim: u32) -> Tensor3<Complex> {
[INFO] [stdout]    |                                           ^^^^^^^ not found in this scope
[INFO] [stdout]    |
[INFO] [stdout] help: consider importing this struct
[INFO] [stdout]    |
[INFO] [stdout] 4  + use wmathrs::Complex;
[INFO] [stdout]    |
[INFO] [stdout] 
[INFO] [stdout] 
[INFO] [stdout] error[E0412]: cannot find type `Complex` in this scope
[INFO] [stdout]   --> examples/test_tensor3.rs:34:25
[INFO] [stdout]    |
[INFO] [stdout] 34 |     let mut vec = Vec::<Complex>::with_capacity(size); 
[INFO] [stdout]    |                         ^^^^^^^ not found in this scope
[INFO] [stdout]    |
[INFO] [stdout] help: consider importing this struct
[INFO] [stdout]    |
[INFO] [stdout] 4  + use wmathrs::Complex;
[INFO] [stdout]    |
[INFO] [stdout] 
[INFO] [stdout] 
[INFO] [stdout] error[E0433]: failed to resolve: use of undeclared type `Tensor3`
[INFO] [stdout]   --> examples/test_tensor3.rs:36:5
[INFO] [stdout]    |
[INFO] [stdout] 36 |     Tensor3::new(vec)
[INFO] [stdout]    |     ^^^^^^^ use of undeclared type `Tensor3`
[INFO] [stdout]    |
[INFO] [stdout] help: consider importing this struct
[INFO] [stdout]    |
[INFO] [stdout] 4  + use wmathrs::Tensor3;
[INFO] [stdout]    |
[INFO] [stdout] 
[INFO] [stdout] 
[INFO] [stdout] error: aborting due to 13 previous errors
[INFO] [stdout] 
[INFO] [stdout] 
[INFO] [stdout] Some errors have detailed explanations: E0412, E0432.
[INFO] [stdout] 
[INFO] [stdout] For more information about an error, try `rustc --explain E0412`.
[INFO] [stdout] 
[INFO] [stderr] error: could not compile `wmathrs` (example "test_matrix") due to 14 previous errors
[INFO] [stdout] error: aborting due to 15 previous errors
[INFO] [stdout] 
[INFO] [stdout] 
[INFO] [stdout] Some errors have detailed explanations: E0412, E0432, E0433.
[INFO] [stdout] 
[INFO] [stdout] For more information about an error, try `rustc --explain E0412`.
[INFO] [stdout] 
[INFO] [stderr] error: could not compile `wmathrs` (example "test_tensor3") due to 16 previous errors
[INFO] running `Command { std: "docker" "inspect" "9438cb5744f3259c4b72e4286687b700ee5c9a08f423e8bbccee9b056b41be5a", kill_on_drop: false }`
[INFO] running `Command { std: "docker" "rm" "-f" "9438cb5744f3259c4b72e4286687b700ee5c9a08f423e8bbccee9b056b41be5a", kill_on_drop: false }`
[INFO] [stdout] 9438cb5744f3259c4b72e4286687b700ee5c9a08f423e8bbccee9b056b41be5a
